[INFO] cloning repository https://github.com/rickyhan/pickitup
[INFO] running `Command { std: "git" "-c" "credential.helper=" "-c" "credential.helper=/workspace/cargo-home/bin/git-credential-null" "clone" "--bare" "https://github.com/rickyhan/pickitup" "/workspace/cache/git-repos/https%3A%2F%2Fgithub.com%2Frickyhan%2Fpickitup", kill_on_drop: false }`
[INFO] [stderr] Cloning into bare repository '/workspace/cache/git-repos/https%3A%2F%2Fgithub.com%2Frickyhan%2Fpickitup'...
[INFO] running `Command { std: "git" "rev-parse" "HEAD", kill_on_drop: false }`
[INFO] [stdout] d29d4a26241deeb6a7596a450d0d35370185c40f
[INFO] building rickyhan/pickitup against master#881c1ac408d93bb7adaa3a51dabab9266e82eee8 for issue-85264
[INFO] running `Command { std: "git" "clone" "/workspace/cache/git-repos/https%3A%2F%2Fgithub.com%2Frickyhan%2Fpickitup" "/workspace/builds/worker-0/source", kill_on_drop: false }`
[INFO] [stderr] Cloning into '/workspace/builds/worker-0/source'...
[INFO] [stderr] done.
[INFO] validating manifest of git repo https://github.com/rickyhan/pickitup on toolchain 881c1ac408d93bb7adaa3a51dabab9266e82eee8
[INFO] running `Command { std: "/workspace/cargo-home/bin/cargo" "+881c1ac408d93bb7adaa3a51dabab9266e82eee8" "metadata" "--manifest-path" "Cargo.toml" "--no-deps", kill_on_drop: false }`
[INFO] started tweaking git repo https://github.com/rickyhan/pickitup
[INFO] finished tweaking git repo https://github.com/rickyhan/pickitup
[INFO] tweaked toml for git repo https://github.com/rickyhan/pickitup written to /workspace/builds/worker-0/source/Cargo.toml
[INFO] crate git repo https://github.com/rickyhan/pickitup already has a lockfile, it will not be regenerated
[INFO] running `Command { std: "/workspace/cargo-home/bin/cargo" "+881c1ac408d93bb7adaa3a51dabab9266e82eee8" "fetch" "--manifest-path" "Cargo.toml", kill_on_drop: false }`
[INFO] [stderr]     Updating git repository `https://github.com/rickyhan/RustPython.git`
[INFO] [stderr]  Downloading crates ...
[INFO] [stderr]   Downloaded gleam v0.6.12
[INFO] [stderr]   Downloaded lalrpop-snap v0.15.2
[INFO] [stderr]   Downloaded lalrpop v0.15.2
[INFO] [stderr]   Downloaded lalrpop-util v0.15.2
[INFO] [stderr]   Downloaded quicksilver v0.3.8
[INFO] running `Command { std: "docker" "create" "-v" "/var/lib/crater-agent-workspace/builds/worker-0/target:/opt/rustwide/target:rw,Z" "-v" "/var/lib/crater-agent-workspace/builds/worker-0/source:/opt/rustwide/workdir:ro,Z" "-v" "/var/lib/crater-agent-workspace/cargo-home:/opt/rustwide/cargo-home:ro,Z" "-v" "/var/lib/crater-agent-workspace/rustup-home:/opt/rustwide/rustup-home:ro,Z" "-e" "SOURCE_DIR=/opt/rustwide/workdir" "-e" "CARGO_TARGET_DIR=/opt/rustwide/target" "-e" "CARGO_HOME=/opt/rustwide/cargo-home" "-e" "RUSTUP_HOME=/opt/rustwide/rustup-home" "-w" "/opt/rustwide/workdir" "-m" "1610612736" "--user" "0:0" "--network" "none" "ghcr.io/rust-lang/crates-build-env/linux@sha256:20528e8c29e4536546f0102ce88568b16ea7538393a33fcca951030f7af10457" "/opt/rustwide/cargo-home/bin/cargo" "+881c1ac408d93bb7adaa3a51dabab9266e82eee8" "metadata" "--no-deps" "--format-version=1", kill_on_drop: false }`
[INFO] [stdout] 04ecc0c61b5a2892a4e4ce99be357cfffb1a18e0b26503095db2d79e4785a4aa
[INFO] [stderr] WARNING: Your kernel does not support swap limit capabilities or the cgroup is not mounted. Memory limited without swap.
[INFO] running `Command { std: "docker" "start" "-a" "04ecc0c61b5a2892a4e4ce99be357cfffb1a18e0b26503095db2d79e4785a4aa", kill_on_drop: false }`
[INFO] running `Command { std: "docker" "inspect" "04ecc0c61b5a2892a4e4ce99be357cfffb1a18e0b26503095db2d79e4785a4aa", kill_on_drop: false }`
[INFO] running `Command { std: "docker" "rm" "-f" "04ecc0c61b5a2892a4e4ce99be357cfffb1a18e0b26503095db2d79e4785a4aa", kill_on_drop: false }`
[INFO] [stdout] 04ecc0c61b5a2892a4e4ce99be357cfffb1a18e0b26503095db2d79e4785a4aa
[INFO] running `Command { std: "docker" "create" "-v" "/var/lib/crater-agent-workspace/builds/worker-0/target:/opt/rustwide/target:rw,Z" "-v" "/var/lib/crater-agent-workspace/builds/worker-0/source:/opt/rustwide/workdir:ro,Z" "-v" "/var/lib/crater-agent-workspace/cargo-home:/opt/rustwide/cargo-home:ro,Z" "-v" "/var/lib/crater-agent-workspace/rustup-home:/opt/rustwide/rustup-home:ro,Z" "-e" "SOURCE_DIR=/opt/rustwide/workdir" "-e" "CARGO_TARGET_DIR=/opt/rustwide/target" "-e" "CARGO_INCREMENTAL=0" "-e" "RUST_BACKTRACE=full" "-e" "RUSTFLAGS=--cap-lints=forbid" "-e" "CARGO_HOME=/opt/rustwide/cargo-home" "-e" "RUSTUP_HOME=/opt/rustwide/rustup-home" "-w" "/opt/rustwide/workdir" "-m" "1610612736" "--user" "0:0" "--network" "none" "ghcr.io/rust-lang/crates-build-env/linux@sha256:20528e8c29e4536546f0102ce88568b16ea7538393a33fcca951030f7af10457" "/opt/rustwide/cargo-home/bin/cargo" "+881c1ac408d93bb7adaa3a51dabab9266e82eee8" "build" "--frozen" "--message-format=json", kill_on_drop: false }`
[INFO] [stdout] a5e3b89816710037a32087fb9bf863f2ed6cee8c3a1bd8c8e30f056336797050
[INFO] [stderr] WARNING: Your kernel does not support swap limit capabilities or the cgroup is not mounted. Memory limited without swap.
[INFO] running `Command { std: "docker" "start" "-a" "a5e3b89816710037a32087fb9bf863f2ed6cee8c3a1bd8c8e30f056336797050", kill_on_drop: false }`
[INFO] [stderr]    Compiling libc v0.2.50
[INFO] [stderr]    Compiling lazy_static v1.3.0
[INFO] [stderr]    Compiling proc-macro2 v0.4.27
[INFO] [stderr]    Compiling unicode-xid v0.1.0
[INFO] [stderr]    Compiling cfg-if v0.1.7
[INFO] [stderr]    Compiling rand_core v0.4.0
[INFO] [stderr]    Compiling autocfg v0.1.2
[INFO] [stderr]    Compiling num-traits v0.2.6
[INFO] [stderr]    Compiling byteorder v1.3.1
[INFO] [stderr]    Compiling cc v1.0.30
[INFO] [stderr]    Compiling memchr v2.2.0
[INFO] [stderr]    Compiling ucd-util v0.1.3
[INFO] [stderr]    Compiling syn v0.15.29
[INFO] [stderr]    Compiling xml-rs v0.8.0
[INFO] [stderr]    Compiling utf8-ranges v1.0.2
[INFO] [stderr]    Compiling serde v1.0.89
[INFO] [stderr]    Compiling arrayvec v0.4.10
[INFO] [stderr]    Compiling void v1.0.2
[INFO] [stderr]    Compiling siphasher v0.2.3
[INFO] [stderr]    Compiling nodrop v0.1.13
[INFO] [stderr]    Compiling semver-parser v0.7.0
[INFO] [stderr]    Compiling winapi-build v0.1.1
[INFO] [stderr]    Compiling string_cache_shared v0.3.0
[INFO] [stderr]    Compiling num-integer v0.1.39
[INFO] [stderr]    Compiling regex v0.2.11
[INFO] [stderr]    Compiling scopeguard v0.3.3
[INFO] [stderr]    Compiling pkg-config v0.3.14
[INFO] [stderr]    Compiling typenum v1.10.0
[INFO] [stderr]    Compiling winapi v0.2.8
[INFO] [stderr]    Compiling smallvec v0.6.9
[INFO] [stderr]    Compiling new_debug_unreachable v1.0.3
[INFO] [stderr]    Compiling nix v0.12.0
[INFO] [stderr]    Compiling bit-vec v0.4.4
[INFO] [stderr]    Compiling fixedbitset v0.1.9
[INFO] [stderr]    Compiling memoffset v0.2.1
[INFO] [stderr]    Compiling ordermap v0.3.5
[INFO] [stderr]    Compiling lalrpop-util v0.15.2
[INFO] [stderr]    Compiling ena v0.5.0
[INFO] [stderr]    Compiling regex-syntax v0.4.2
[INFO] [stderr]    Compiling diff v0.1.11
[INFO] [stderr]    Compiling khronos_api v3.0.0
[INFO] [stderr]    Compiling khronos_api v2.2.0
[INFO] [stderr]    Compiling ryu v0.2.7
[INFO] [stderr]    Compiling arrayref v0.3.5
[INFO] [stderr]    Compiling num-iter v0.1.37
[INFO] [stderr]    Compiling adler32 v1.0.3
[INFO] [stderr]    Compiling same-file v1.0.4
[INFO] [stderr]    Compiling regex v1.1.2
[INFO] [stderr]    Compiling stable_deref_trait v1.1.1
[INFO] [stderr]    Compiling color_quant v1.0.1
[INFO] [stderr]    Compiling xdg v2.2.0
[INFO] [stderr]    Compiling num-bigint v0.2.2
[INFO] [stderr]    Compiling scoped_threadpool v0.1.9
[INFO] [stderr]    Compiling percent-encoding v1.0.1
[INFO] [stderr]    Compiling itoa v0.4.3
[INFO] [stderr]    Compiling static_assertions v0.2.5
[INFO] [stderr]    Compiling num-complex v0.2.1
[INFO] [stderr]    Compiling unicode-segmentation v1.2.1
[INFO] [stderr]    Compiling claxon v0.3.2
[INFO] [stderr]    Compiling futures v0.1.25
[INFO] [stderr]    Compiling indexmap v1.0.2
[INFO] [stderr]    Compiling fs_extra v1.1.0
[INFO] [stderr]    Compiling itertools v0.7.11
[INFO] [stderr]    Compiling xml-rs v0.7.0
[INFO] [stderr]    Compiling log v0.4.6
[INFO] [stderr]    Compiling crossbeam-utils v0.2.2
[INFO] [stderr]    Compiling thread_local v0.3.6
[INFO] [stderr]    Compiling rand_core v0.3.1
[INFO] [stderr]    Compiling rand_jitter v0.1.3
[INFO] [stderr]    Compiling regex-syntax v0.5.6
[INFO] [stderr]    Compiling regex-syntax v0.6.5
[INFO] [stderr]    Compiling unreachable v1.0.0
[INFO] [stderr]    Compiling phf_shared v0.7.24
[INFO] [stderr]    Compiling semver v0.9.0
[INFO] [stderr]    Compiling ascii-canvas v1.0.0
[INFO] [stderr]    Compiling rand_chacha v0.1.1
[INFO] [stderr]    Compiling rand_pcg v0.1.2
[INFO] [stderr]    Compiling rand v0.6.5
[INFO] [stderr]    Compiling kernel32-sys v0.2.2
[INFO] [stderr]    Compiling unicode-normalization v0.1.8
[INFO] [stderr]    Compiling bit-set v0.4.0
[INFO] [stderr]    Compiling block-buffer v0.3.3
[INFO] [stderr]    Compiling petgraph v0.4.13
[INFO] [stderr]    Compiling owning_ref v0.4.0
[INFO] [stderr]    Compiling inflate v0.4.5
[INFO] [stderr]    Compiling walkdir v2.2.7
[INFO] [stderr]    Compiling gif v0.10.1
[INFO] [stderr]    Compiling alsa-sys v0.1.2
[INFO] [stderr]    Compiling x11-dl v2.18.3
[INFO] [stderr]    Compiling log v0.3.9
[INFO] [stderr]    Compiling rand_xorshift v0.1.1
[INFO] [stderr]    Compiling rand_hc v0.1.0
[INFO] [stderr]    Compiling rand_isaac v0.1.1
[INFO] [stderr]    Compiling stackvector v1.0.2
[INFO] [stderr]    Compiling rayon v1.0.3
[INFO] [stderr]    Compiling libloading v0.5.0
[INFO] [stderr]    Compiling minimp3-sys v0.3.1
[INFO] [stderr]    Compiling rustc_version v0.2.3
[INFO] [stderr]    Compiling lock_api v0.1.5
[INFO] [stderr]    Compiling rand_os v0.1.3
[INFO] [stderr]    Compiling num_cpus v1.10.0
[INFO] [stderr]    Compiling nix v0.13.0
[INFO] [stderr]    Compiling memmap v0.7.0
[INFO] [stderr]    Compiling rand v0.4.6
[INFO] [stderr]    Compiling shared_library v0.1.9
[INFO] [stderr]    Compiling slice-deque v0.1.16
[INFO] [stderr]    Compiling rand v0.5.6
[INFO] [stderr]    Compiling dirs v1.0.5
[INFO] [stderr]    Compiling term_size v0.2.3
[INFO] [stderr]    Compiling crossbeam-epoch v0.3.1
[INFO] [stderr]    Compiling aho-corasick v0.6.10
[INFO] [stderr]    Compiling stb_truetype v0.2.6
[INFO] [stderr]    Compiling deflate v0.7.19
[INFO] [stderr]    Compiling ogg v0.7.0
[INFO] [stderr]    Compiling quote v0.6.11
[INFO] [stderr]    Compiling gl_generator v0.9.0
[INFO] [stderr]    Compiling gl_generator v0.10.0
[INFO] [stderr]    Compiling parking_lot_core v0.4.0
[INFO] [stderr]    Compiling rustc_version_runtime v0.1.5
[INFO] [stderr]    Compiling approx v0.3.1
[INFO] [stderr]    Compiling ordered-float v1.0.1
[INFO] [stderr]    Compiling line_drawing v0.7.0
[INFO] [stderr]    Compiling num-traits v0.1.43
[INFO] [stderr]    Compiling lexical-core v0.4.0
[INFO] [stderr]    Compiling osmesa-sys v0.1.2
[INFO] [stderr]    Compiling clap v2.20.5
[INFO] [stderr]    Compiling atty v0.1.2
[INFO] [stderr]    Compiling generic-array v0.9.0
[INFO] [stderr]    Compiling crossbeam-deque v0.2.0
[INFO] [stderr]    Compiling wayland-scanner v0.21.11
[INFO] [stderr]    Compiling rand v0.3.23
[INFO] [stderr]    Compiling cpal v0.8.2
[INFO] [stderr]    Compiling lewton v0.9.4
[INFO] [stdout] error[E0308]: mismatched types
[INFO] [stdout]    --> /opt/rustwide/cargo-home/registry/src/github.com-1ecc6299db9ec823/lexical-core-0.4.0/src/atof/algorithm/bigcomp.rs:246:55
[INFO] [stdout]     |
[INFO] [stdout] 246 |     let nlz = den.leading_zeros().wrapping_sub(wlz) & (u32::BITS - 1);
[INFO] [stdout]     |                                                       ^^^^^^^^^^^^^^^ expected `usize`, found `u32`
[INFO] [stdout] 
[INFO] [stdout] 
[INFO] [stdout] error[E0277]: no implementation for `usize & u32`
[INFO] [stdout]    --> /opt/rustwide/cargo-home/registry/src/github.com-1ecc6299db9ec823/lexical-core-0.4.0/src/atof/algorithm/bigcomp.rs:246:53
[INFO] [stdout]     |
[INFO] [stdout] 246 |     let nlz = den.leading_zeros().wrapping_sub(wlz) & (u32::BITS - 1);
[INFO] [stdout]     |                                                     ^ no implementation for `usize & u32`
[INFO] [stdout]     |
[INFO] [stdout]     = help: the trait `BitAnd<u32>` is not implemented for `usize`
[INFO] [stdout] 
[INFO] [stdout] 
[INFO] [stdout] error[E0308]: mismatched types
[INFO] [stdout]    --> /opt/rustwide/cargo-home/registry/src/github.com-1ecc6299db9ec823/lexical-core-0.4.0/src/atof/algorithm/bigcomp.rs:264:40
[INFO] [stdout]     |
[INFO] [stdout] 264 |         let (q, r) = shift.ceil_divmod(Limb::BITS);
[INFO] [stdout]     |                                        ^^^^^^^^^^ expected `usize`, found `u32`
[INFO] [stdout]     |
[INFO] [stdout] help: you can convert a `u32` to a `usize` and panic if the converted value doesn't fit
[INFO] [stdout]     |
[INFO] [stdout] 264 |         let (q, r) = shift.ceil_divmod(Limb::BITS.try_into().unwrap());
[INFO] [stdout]     |                                        ^^^^^^^^^^^^^^^^^^^^^^^^^^^^^^
[INFO] [stdout] 
[INFO] [stdout] 
[INFO] [stdout] error[E0308]: mismatched types
[INFO] [stdout]   --> /opt/rustwide/cargo-home/registry/src/github.com-1ecc6299db9ec823/lexical-core-0.4.0/src/atof/algorithm/bigint.rs:94:24
[INFO] [stdout]    |
[INFO] [stdout] 94 |     let bytes = bits / Limb::BITS;
[INFO] [stdout]    |                        ^^^^^^^^^^ expected `usize`, found `u32`
[INFO] [stdout] 
[INFO] [stdout] 
[INFO] [stdout] error[E0277]: cannot divide `usize` by `u32`
[INFO] [stdout]   --> /opt/rustwide/cargo-home/registry/src/github.com-1ecc6299db9ec823/lexical-core-0.4.0/src/atof/algorithm/bigint.rs:94:22
[INFO] [stdout]    |
[INFO] [stdout] 94 |     let bytes = bits / Limb::BITS;
[INFO] [stdout]    |                      ^ no implementation for `usize / u32`
[INFO] [stdout]    |
[INFO] [stdout]    = help: the trait `Div<u32>` is not implemented for `usize`
[INFO] [stdout] 
[INFO] [stdout] 
[INFO] [stdout] error[E0308]: mismatched types
[INFO] [stdout]     --> /opt/rustwide/cargo-home/registry/src/github.com-1ecc6299db9ec823/lexical-core-0.4.0/src/atof/algorithm/math.rs:1064:42
[INFO] [stdout]      |
[INFO] [stdout] 1064 |     let mut count = index.saturating_mul(Limb::BITS);
[INFO] [stdout]      |                                          ^^^^^^^^^^ expected `usize`, found `u32`
[INFO] [stdout]      |
[INFO] [stdout] help: you can convert a `u32` to a `usize` and panic if the converted value doesn't fit
[INFO] [stdout]      |
[INFO] [stdout] 1064 |     let mut count = index.saturating_mul(Limb::BITS.try_into().unwrap());
[INFO] [stdout]      |                                          ^^^^^^^^^^^^^^^^^^^^^^^^^^^^^^
[INFO] [stdout] 
[INFO] [stdout] 
[INFO] [stdout] error[E0308]: mismatched types
[INFO] [stdout]     --> /opt/rustwide/cargo-home/registry/src/github.com-1ecc6299db9ec823/lexical-core-0.4.0/src/atof/algorithm/math.rs:1079:28
[INFO] [stdout]      |
[INFO] [stdout] 1079 |     Limb::BITS.checked_mul(x.len())
[INFO] [stdout]      |                            ^^^^^^^ expected `u32`, found `usize`
[INFO] [stdout]      |
[INFO] [stdout] help: you can convert a `usize` to a `u32` and panic if the converted value doesn't fit
[INFO] [stdout]      |
[INFO] [stdout] 1079 |     Limb::BITS.checked_mul(x.len().try_into().unwrap())
[INFO] [stdout]      |                            ^^^^^^^^^^^^^^^^^^^^^^^^^^^
[INFO] [stdout] 
[INFO] [stdout] 
[INFO] [stdout] error[E0308]: mismatched types
[INFO] [stdout]     --> /opt/rustwide/cargo-home/registry/src/github.com-1ecc6299db9ec823/lexical-core-0.4.0/src/atof/algorithm/math.rs:1080:22
[INFO] [stdout]      |
[INFO] [stdout] 1080 |         .map(|v| v - nlz)
[INFO] [stdout]      |                      ^^^ expected `u32`, found `usize`
[INFO] [stdout] 
[INFO] [stdout] 
[INFO] [stdout] error[E0277]: cannot subtract `usize` from `u32`
[INFO] [stdout]     --> /opt/rustwide/cargo-home/registry/src/github.com-1ecc6299db9ec823/lexical-core-0.4.0/src/atof/algorithm/math.rs:1080:20
[INFO] [stdout]      |
[INFO] [stdout] 1080 |         .map(|v| v - nlz)
[INFO] [stdout]      |                    ^ no implementation for `u32 - usize`
[INFO] [stdout]      |
[INFO] [stdout]      = help: the trait `Sub<usize>` is not implemented for `u32`
[INFO] [stdout] 
[INFO] [stdout] 
[INFO] [stdout] error[E0308]: mismatched types
[INFO] [stdout]     --> /opt/rustwide/cargo-home/registry/src/github.com-1ecc6299db9ec823/lexical-core-0.4.0/src/atof/algorithm/math.rs:1081:20
[INFO] [stdout]      |
[INFO] [stdout] 1081 |         .unwrap_or(usize::max_value())
[INFO] [stdout]      |                    ^^^^^^^^^^^^^^^^^^ expected `u32`, found `usize`
[INFO] [stdout]      |
[INFO] [stdout] help: you can convert a `usize` to a `u32` and panic if the converted value doesn't fit
[INFO] [stdout]      |
[INFO] [stdout] 1081 |         .unwrap_or(usize::max_value().try_into().unwrap())
[INFO] [stdout]      |                    ^^^^^^^^^^^^^^^^^^^^^^^^^^^^^^^^^^^^^^
[INFO] [stdout] 
[INFO] [stdout] 
[INFO] [stdout] error[E0308]: mismatched types
[INFO] [stdout]     --> /opt/rustwide/cargo-home/registry/src/github.com-1ecc6299db9ec823/lexical-core-0.4.0/src/atof/algorithm/math.rs:1079:5
[INFO] [stdout]      |
[INFO] [stdout] 1075 |   pub fn bit_length(x: &[Limb]) -> usize {
[INFO] [stdout]      |                                    ----- expected `usize` because of return type
[INFO] [stdout] ...
[INFO] [stdout] 1079 | /     Limb::BITS.checked_mul(x.len())
[INFO] [stdout] 1080 | |         .map(|v| v - nlz)
[INFO] [stdout] 1081 | |         .unwrap_or(usize::max_value())
[INFO] [stdout]      | |______________________________________^ expected `usize`, found `u32`
[INFO] [stdout]      |
[INFO] [stdout] help: you can convert a `u32` to a `usize` and panic if the converted value doesn't fit
[INFO] [stdout]      |
[INFO] [stdout] 1079 |     Limb::BITS.checked_mul(x.len())
[INFO] [stdout] 1080 |         .map(|v| v - nlz)
[INFO] [stdout] 1081 |         .unwrap_or(usize::max_value()).try_into().unwrap()
[INFO] [stdout]      |
[INFO] [stdout] 
[INFO] [stdout] 
[INFO] [stdout] error[E0308]: mismatched types
[INFO] [stdout]     --> /opt/rustwide/cargo-home/registry/src/github.com-1ecc6299db9ec823/lexical-core-0.4.0/src/atof/algorithm/math.rs:1106:23
[INFO] [stdout]      |
[INFO] [stdout] 1106 |     debug_assert!(n < bits && n != 0);
[INFO] [stdout]      |                       ^^^^ expected `usize`, found `u32`
[INFO] [stdout]      |
[INFO] [stdout] help: you can convert a `u32` to a `usize` and panic if the converted value doesn't fit
[INFO] [stdout]      |
[INFO] [stdout] 1106 |     debug_assert!(n < bits.try_into().unwrap() && n != 0);
[INFO] [stdout]      |                       ^^^^^^^^^^^^^^^^^^^^^^^^
[INFO] [stdout] 
[INFO] [stdout] 
[INFO] [stdout] error[E0308]: mismatched types
[INFO] [stdout]     --> /opt/rustwide/cargo-home/registry/src/github.com-1ecc6299db9ec823/lexical-core-0.4.0/src/atof/algorithm/math.rs:1113:25
[INFO] [stdout]      |
[INFO] [stdout] 1113 |     let lshift = bits - n;
[INFO] [stdout]      |                         ^ expected `u32`, found `usize`
[INFO] [stdout] 
[INFO] [stdout] 
[INFO] [stdout] error[E0277]: cannot subtract `usize` from `u32`
[INFO] [stdout]     --> /opt/rustwide/cargo-home/registry/src/github.com-1ecc6299db9ec823/lexical-core-0.4.0/src/atof/algorithm/math.rs:1113:23
[INFO] [stdout]      |
[INFO] [stdout] 1113 |     let lshift = bits - n;
[INFO] [stdout]      |                       ^ no implementation for `u32 - usize`
[INFO] [stdout]      |
[INFO] [stdout]      = help: the trait `Sub<usize>` is not implemented for `u32`
[INFO] [stdout] 
[INFO] [stdout] 
[INFO] [stdout] error[E0308]: mismatched types
[INFO] [stdout]     --> /opt/rustwide/cargo-home/registry/src/github.com-1ecc6299db9ec823/lexical-core-0.4.0/src/atof/algorithm/math.rs:1154:19
[INFO] [stdout]      |
[INFO] [stdout] 1154 |     let rem = n % bits;
[INFO] [stdout]      |                   ^^^^ expected `usize`, found `u32`
[INFO] [stdout] 
[INFO] [stdout] 
[INFO] [stdout] error[E0277]: cannot mod `usize` by `u32`
[INFO] [stdout]     --> /opt/rustwide/cargo-home/registry/src/github.com-1ecc6299db9ec823/lexical-core-0.4.0/src/atof/algorithm/math.rs:1154:17
[INFO] [stdout]      |
[INFO] [stdout] 1154 |     let rem = n % bits;
[INFO] [stdout]      |                 ^ no implementation for `usize % u32`
[INFO] [stdout]      |
[INFO] [stdout]      = help: the trait `Rem<u32>` is not implemented for `usize`
[INFO] [stdout] 
[INFO] [stdout] 
[INFO] [stdout] error[E0308]: mismatched types
[INFO] [stdout]     --> /opt/rustwide/cargo-home/registry/src/github.com-1ecc6299db9ec823/lexical-core-0.4.0/src/atof/algorithm/math.rs:1155:19
[INFO] [stdout]      |
[INFO] [stdout] 1155 |     let div = n / bits;
[INFO] [stdout]      |                   ^^^^ expected `usize`, found `u32`
[INFO] [stdout] 
[INFO] [stdout] 
[INFO] [stdout] error[E0277]: cannot divide `usize` by `u32`
[INFO] [stdout]     --> /opt/rustwide/cargo-home/registry/src/github.com-1ecc6299db9ec823/lexical-core-0.4.0/src/atof/algorithm/math.rs:1155:17
[INFO] [stdout]      |
[INFO] [stdout] 1155 |     let div = n / bits;
[INFO] [stdout]      |                 ^ no implementation for `usize / u32`
[INFO] [stdout]      |
[INFO] [stdout]      = help: the trait `Div<u32>` is not implemented for `usize`
[INFO] [stdout] 
[INFO] [stdout] 
[INFO] [stdout] error[E0308]: mismatched types
[INFO] [stdout]     --> /opt/rustwide/cargo-home/registry/src/github.com-1ecc6299db9ec823/lexical-core-0.4.0/src/atof/algorithm/math.rs:1211:23
[INFO] [stdout]      |
[INFO] [stdout] 1211 |     debug_assert!(n < bits);
[INFO] [stdout]      |                       ^^^^ expected `usize`, found `u32`
[INFO] [stdout]      |
[INFO] [stdout] help: you can convert a `u32` to a `usize` and panic if the converted value doesn't fit
[INFO] [stdout]      |
[INFO] [stdout] 1211 |     debug_assert!(n < bits.try_into().unwrap());
[INFO] [stdout]      |                       ^^^^^^^^^^^^^^^^^^^^^^^^
[INFO] [stdout] 
[INFO] [stdout] 
[INFO] [stdout] error[E0308]: mismatched types
[INFO] [stdout]     --> /opt/rustwide/cargo-home/registry/src/github.com-1ecc6299db9ec823/lexical-core-0.4.0/src/atof/algorithm/math.rs:1221:25
[INFO] [stdout]      |
[INFO] [stdout] 1221 |     let rshift = bits - n;
[INFO] [stdout]      |                         ^ expected `u32`, found `usize`
[INFO] [stdout] 
[INFO] [stdout] 
[INFO] [stdout] error[E0277]: cannot subtract `usize` from `u32`
[INFO] [stdout]     --> /opt/rustwide/cargo-home/registry/src/github.com-1ecc6299db9ec823/lexical-core-0.4.0/src/atof/algorithm/math.rs:1221:23
[INFO] [stdout]      |
[INFO] [stdout] 1221 |     let rshift = bits - n;
[INFO] [stdout]      |                       ^ no implementation for `u32 - usize`
[INFO] [stdout]      |
[INFO] [stdout]      = help: the trait `Sub<usize>` is not implemented for `u32`
[INFO] [stdout] 
[INFO] [stdout] 
[INFO] [stdout] error[E0308]: mismatched types
[INFO] [stdout]     --> /opt/rustwide/cargo-home/registry/src/github.com-1ecc6299db9ec823/lexical-core-0.4.0/src/atof/algorithm/math.rs:1273:19
[INFO] [stdout]      |
[INFO] [stdout] 1273 |     let rem = n % bits;
[INFO] [stdout]      |                   ^^^^ expected `usize`, found `u32`
[INFO] [stdout] 
[INFO] [stdout] 
[INFO] [stdout] error[E0277]: cannot mod `usize` by `u32`
[INFO] [stdout]     --> /opt/rustwide/cargo-home/registry/src/github.com-1ecc6299db9ec823/lexical-core-0.4.0/src/atof/algorithm/math.rs:1273:17
[INFO] [stdout]      |
[INFO] [stdout] 1273 |     let rem = n % bits;
[INFO] [stdout]      |                 ^ no implementation for `usize % u32`
[INFO] [stdout]      |
[INFO] [stdout]      = help: the trait `Rem<u32>` is not implemented for `usize`
[INFO] [stdout] 
[INFO] [stdout] 
[INFO] [stdout] error[E0308]: mismatched types
[INFO] [stdout]     --> /opt/rustwide/cargo-home/registry/src/github.com-1ecc6299db9ec823/lexical-core-0.4.0/src/atof/algorithm/math.rs:1274:19
[INFO] [stdout]      |
[INFO] [stdout] 1274 |     let div = n / bits;
[INFO] [stdout]      |                   ^^^^ expected `usize`, found `u32`
[INFO] [stdout] 
[INFO] [stdout] 
[INFO] [stdout] error[E0277]: cannot divide `usize` by `u32`
[INFO] [stdout]     --> /opt/rustwide/cargo-home/registry/src/github.com-1ecc6299db9ec823/lexical-core-0.4.0/src/atof/algorithm/math.rs:1274:17
[INFO] [stdout]      |
[INFO] [stdout] 1274 |     let div = n / bits;
[INFO] [stdout]      |                 ^ no implementation for `usize / u32`
[INFO] [stdout]      |
[INFO] [stdout]      = help: the trait `Div<u32>` is not implemented for `usize`
[INFO] [stdout] 
[INFO] [stdout] 
[INFO] [stdout] error[E0308]: mismatched types
[INFO] [stdout]     --> /opt/rustwide/cargo-home/registry/src/github.com-1ecc6299db9ec823/lexical-core-0.4.0/src/atof/algorithm/math.rs:2085:27
[INFO] [stdout]      |
[INFO] [stdout] 2085 |     let rs = Limb::BITS - s;
[INFO] [stdout]      |                           ^ expected `u32`, found `usize`
[INFO] [stdout] 
[INFO] [stdout] 
[INFO] [stdout] error[E0277]: cannot subtract `usize` from `u32`
[INFO] [stdout]     --> /opt/rustwide/cargo-home/registry/src/github.com-1ecc6299db9ec823/lexical-core-0.4.0/src/atof/algorithm/math.rs:2085:25
[INFO] [stdout]      |
[INFO] [stdout] 2085 |     let rs = Limb::BITS - s;
[INFO] [stdout]      |                         ^ no implementation for `u32 - usize`
[INFO] [stdout]      |
[INFO] [stdout]      = help: the trait `Sub<usize>` is not implemented for `u32`
[INFO] [stdout] 
[INFO] [stdout] 
[INFO] [stdout] error: aborting due to 27 previous errors
[INFO] [stdout] 
[INFO] [stdout] 
[INFO] [stdout] Some errors have detailed explanations: E0277, E0308.
[INFO] [stdout] 
[INFO] [stdout] For more information about an error, try `rustc --explain E0277`.
[INFO] [stdout] 
[INFO] [stderr] error: could not compile `lexical-core`
[INFO] [stderr] 
[INFO] [stderr] To learn more, run the command again with --verbose.
[INFO] [stderr] warning: build failed, waiting for other jobs to finish...
[INFO] [stderr] error: build failed
[INFO] running `Command { std: "docker" "inspect" "a5e3b89816710037a32087fb9bf863f2ed6cee8c3a1bd8c8e30f056336797050", kill_on_drop: false }`
[INFO] running `Command { std: "docker" "rm" "-f" "a5e3b89816710037a32087fb9bf863f2ed6cee8c3a1bd8c8e30f056336797050", kill_on_drop: false }`
[INFO] [stdout] a5e3b89816710037a32087fb9bf863f2ed6cee8c3a1bd8c8e30f056336797050
